{"id":705,"date":"2024-03-16T19:43:35","date_gmt":"2024-03-16T18:43:35","guid":{"rendered":"http:\/\/rarathemesdemo.com\/elegant-portfolio\/?page_id=23"},"modified":"2024-03-21T10:33:10","modified_gmt":"2024-03-21T09:33:10","slug":"qui-je-suis","status":"publish","type":"page","link":"https:\/\/couleursittelle.fr\/index.php\/qui-je-suis\/","title":{"rendered":"A propos de moi"},"content":{"rendered":"\n<h2 class=\"wp-block-heading\">Je m&#8217;appelle El\u00e9na Gomez et j&#8217;illustre le vivant.<\/h2>\n\n\n<p>J&#8217;ai grandi en r\u00e9gion parisienne mais je passais tous mes \u00e9t\u00e9s chez mes grands-parents dans le Finist\u00e8re.<\/p>\n<p>D\u00e8s que j&#8217;ai pu, je suis partie vivre \u00e0 la campagne. J&#8217;habite aujourd&#8217;hui une vieille maison dont le jardin donne directement sur la for\u00eat et les mar\u00e9cages : une belle source d&#8217;inspiration.<\/p>\n<p>J&#8217;ai toujours aim\u00e9 dessiner. J&#8217;ai commenc\u00e9 en recopiant des personnages, des animaux dans les bandes dessin\u00e9s de mon p\u00e8re. Puis j&#8217;ai commenc\u00e9 \u00e0 cr\u00e9er mon propre univers, inspir\u00e9 par la nature et nourri par mon imagination. Un univers m\u00ealant po\u00e9sie et douceur.<\/p>","protected":false},"excerpt":{"rendered":"<p>Je m&#8217;appelle El\u00e9na Gomez et j&#8217;illustre le vivant. J&#8217;ai grandi en r\u00e9gion parisienne mais je passais tous mes \u00e9t\u00e9s chez mes grands-parents dans le Finist\u00e8re. D\u00e8s que j&#8217;ai pu, je suis partie vivre \u00e0 la campagne. J&#8217;habite aujourd&#8217;hui une vieille maison dont le jardin donne directement sur la for\u00eat et les mar\u00e9cages : une belle &hellip; <\/p>\n","protected":false},"author":1,"featured_media":798,"parent":0,"menu_order":0,"comment_status":"closed","ping_status":"closed","template":"","meta":{"footnotes":""},"class_list":["post-705","page","type-page","status-publish","has-post-thumbnail","hentry"],"jetpack_sharing_enabled":true,"_links":{"self":[{"href":"https:\/\/couleursittelle.fr\/index.php\/wp-json\/wp\/v2\/pages\/705","targetHints":{"allow":["GET"]}}],"collection":[{"href":"https:\/\/couleursittelle.fr\/index.php\/wp-json\/wp\/v2\/pages"}],"about":[{"href":"https:\/\/couleursittelle.fr\/index.php\/wp-json\/wp\/v2\/types\/page"}],"author":[{"embeddable":true,"href":"https:\/\/couleursittelle.fr\/index.php\/wp-json\/wp\/v2\/users\/1"}],"replies":[{"embeddable":true,"href":"https:\/\/couleursittelle.fr\/index.php\/wp-json\/wp\/v2\/comments?post=705"}],"version-history":[{"count":4,"href":"https:\/\/couleursittelle.fr\/index.php\/wp-json\/wp\/v2\/pages\/705\/revisions"}],"predecessor-version":[{"id":881,"href":"https:\/\/couleursittelle.fr\/index.php\/wp-json\/wp\/v2\/pages\/705\/revisions\/881"}],"wp:featuredmedia":[{"embeddable":true,"href":"https:\/\/couleursittelle.fr\/index.php\/wp-json\/wp\/v2\/media\/798"}],"wp:attachment":[{"href":"https:\/\/couleursittelle.fr\/index.php\/wp-json\/wp\/v2\/media?parent=705"}],"curies":[{"name":"wp","href":"https:\/\/api.w.org\/{rel}","templated":true}]}}